q = d, 5*q + 0*q + 3*d - 4 = 0. What is the tens digit of ((-12)/(-7) - q/(-7)) + 42?
4
Suppose 3259 = 3*i + 4*b, 0 = 5*i - 5*b - 1831 - 3589. Suppose -4*n + i = n. What is the tens digit of n?
1
Let h = 9040 - 3917. What is the units digit of h?
3
Let f(s) = 177*s**2 - 26*s + 45. What is the hundreds digit of f(2)?
7
Let y(w) = 2*w**2 - 16*w - 26. What is the units digit of y(21)?
0
Let f = -790 - -6364. What is the units digit of f?
4
Suppose -5*w + w + 91 = 3*m, -3*w = 6. Let a be ((-95)/15)/(-1*1/3). Let j = m - a. What is the units digit of j?
4
Let c = 1034 + -546. Suppose 19*y = 15*y + c. What is the hundreds digit of y?
1
Let i(k) = 2*k**2 + 5*k - 23. Let a be i(-5). Suppose 4*q = 5*j - 706, 5*j + q + a*q = 713. What is the tens digit of j?
4
Let s(p) = p**2 + 17*p + 7. Let x be s(-14). Let d = -19 - x. Suppose 66 = 3*n + 3*t, 2*n = 3*n - t - d. What is the units digit of n?
9
What is the units digit of 820/70 + -12 - 11552/(-7)?
0
What is the units digit of 106/(6 + 747/(-126))?
4
Suppose 5292 = 22*p + 5*p. What is the hundreds digit of p?
1
Let m(l) = -l**3 + 30*l**2 + 35*l + 26. What is the hundreds digit of m(29)?
8
Suppose 0 = -24*a + 9*a + 2235. What is the hundreds digit of a?
1
Let p(f) = f**3 + 5*f**2 - 3*f - 2. Suppose -25 = -7*c - 60. What is the tens digit of p(c)?
1
Let t = -14 - -7. Let f(v) = -2*v**2 - 14*v + 4. Let c be f(t). Suppose 74 = 2*h + c*z, -2*z - 3*z - 23 = -h. What is the units digit of h?
3
Let q = 4030 - 2762. What is the thousands digit of q?
1
Let s be 5/(-35) + 64/7. Let p = 62 - s. What is the tens digit of p?
5
Let p be (23 + 0 + 1)*1. What is the units digit of (-4)/p + 916/24?
8
Suppose 0 = 3*i + 162 - 882. What is the units digit of i?
0
Let j(x) = -49*x + 32. What is the units digit of j(-3)?
9
Let s(f) = -710*f + 84. What is the thousands digit of s(-5)?
3
Let y be (9 - -217)/(2*3/6). Let k = y - 105. What is the hundreds digit of k?
1
Let w(v) = v**2 + 16*v + 3. Let f = 15 + -17. Let o be (-3 + 20)*f/2. What is the tens digit of w(o)?
2
Suppose 4*p + m = -165, 5*p - 3*p - 3*m = -65. Let s = p - -129. What is the tens digit of s?
8
Suppose 2*s - 2*f - 9096 = 0, -13647 = -3*s + 42*f - 38*f. What is the hundreds digit of s?
5
Let v(u) = 92*u**2 - 2*u + 1. Let m be v(1). Let j = -56 + m. What is the units digit of j?
5
Let s(k) = -k**2 - 6*k + 8. Let m be s(-6). Let z(i) be the first derivative of i**4/4 - 7*i**3/3 - 3*i**2 - 4*i + 55. What is the tens digit of z(m)?
1
Suppose -6*n = -n + 15. What is the tens digit of (4/n)/(16/(-264))?
2
Suppose -5*d - 9 = s, 3*d - 2*s + 12 = -2*d. What is the units digit of d/3 - 328/(-24)?
3
Let n(k) = k**3 + 15*k**2 + 12*k - 20. Let l be n(-14). Let u = l - 7. Let j(i) = 14*i**2 + i. What is the tens digit of j(u)?
1
What is the units digit of 3 + -5 + 1 - 4 - -22?
7
What is the hundreds digit of (-5148)/(-182)*((0 - -9) + -2)?
1
Let b(x) = x**3 - 12*x**2 - 9*x + 11. Let n(f) = f**3 - 12*f**2 - 9*f + 12. Let g(t) = -3*b(t) + 4*n(t). What is the tens digit of g(13)?
6
Let y be (-4405)/(-25) - 8/(-10). Suppose -2*v - 37 = -y. What is the units digit of v?
0
What is the thousands digit of 941195/290 + 1/2?
3
Let v(h) = 2324*h**2 - 19*h - 21. What is the tens digit of v(-1)?
2
Let v(f) = -177*f + 147. What is the thousands digit of v(-8)?
1
Let u(f) = -40*f**3 - f**2 + 2*f. What is the units digit of u(-4)?
6
Let s be (0 - 0 - 0) + 19. Suppose 2*z = s - 3. What is the units digit of 4*-1*z/(-4)?
8
Let i = -330 - -119. Let w = i + 327. What is the hundreds digit of w?
1
Let k = 9 - 6. Let q be (2 + -1)/(k/15). Suppose q*b - 44 - 11 = 0. What is the units digit of b?
1
Suppose 6*d - 2154 = 78. What is the hundreds digit of d?
3
Let v = 2996 - -808. What is the tens digit of v?
0
Suppose -61*v + 7776 = -7*v. What is the hundreds digit of v?
1
What is the units digit of 36 + 2687 - (-5 + 1)?
7
Let y be (4 - 5)/(3/(-393)). Let c = 227 - y. What is the tens digit of c?
9
Let q = 52 + -49. Suppose 0 = -5*o - q*r + 472, 4*r + 163 = -3*o + 455. What is the units digit of o?
2
Let t(p) = p**2 + 7*p + 7. Let m be t(-8). Let f(v) = -v**2 + 14*v + 18. What is the units digit of f(m)?
3
Suppose -2*c = -3*c + 5*j + 734, 3005 = 4*c + 3*j. What is the hundreds digit of c?
7
Let m = 16 + 16. Let d = 29 - m. What is the tens digit of 33 + (-12)/d + 2?
3
Suppose -163296 = -87*p - 25*p. What is the units digit of p?
8
Let v(o) = o**3 + o**2 - o + 56. Let x be v(0). What is the units digit of (24/(-28))/((-1)/x)?
8
Suppose 6*w = -5*v + 2*w, 4*v - 4*w = 0. Let n(f) = 10*f**2 + 2*f. Let g be n(-2). Suppose v = p + 1 - g. What is the units digit of p?
5
Let k(m) = -10*m + 24. Let w be k(2). Suppose 5*t = s - 363, w*s + 228 - 1604 = t. What is the tens digit of s?
4
Let s = -165 + 548. What is the units digit of s?
3
Let a(w) = -349*w + 14. What is the units digit of a(-7)?
7
What is the tens digit of (-495)/(-22)*(-34)/(-1) - -5?
7
Suppose 3*n - 7*n - 288 = -l, 3*l = -n - 85. Let i = n + 126. What is the units digit of i?
3
Let t(m) = m + 1. Let y(g) = -3*g - 10. Let k(o) = 2*t(o) - y(o). What is the tens digit of k(5)?
3
What is the units digit of (-14778)/(-24) + 3 - 3/(-12)?
9
Let p(s) = -s + 45. Let i(u) = -2*u**2 + 13*u + 7. Let a be i(7). Let y be p(a). Suppose -4*v - 2*f = -7 - 25, -y = -5*v - 5*f. What is the units digit of v?
7
Suppose 3*b + 1303 = 4*m, -1 = -2*b + 5. What is the tens digit of m?
2
Let l be (-8)/(-4) - (4 + (-4)/1). Let p be -5*(6/(-3) + 1). Suppose 0 = p*j - 3*f - 208, 37 + 2 = j + l*f. What is the tens digit of j?
4
Let i = -590 + 1579. What is the units digit of i?
9
What is the thousands digit of -40428*(-9)/72 - (-1)/2?
5
Suppose -27*u + 302662 = 55*u. What is the hundreds digit of u?
6
What is the hundreds digit of (-11 - -6)*(-2 - 984/10)?
5
Suppose -83 = -10*g - 23. Suppose g = 2*s - 2*j, -s + 3*j = -3*s + 1. What is the units digit of s?
2
Let j(g) = 5*g + 31. Let u be j(-5). What is the units digit of 85 + u/(-15) + 60/25?
7
Let o(w) = -w**3 - 5*w**2 + 5*w + 4. Let x be o(-6). Suppose -x + 1 = 3*s. Let g(u) = -2*u**3 - u**2 + 2*u - 4. What is the units digit of g(s)?
5
Suppose 2*l - 52 = -124. Suppose -4*c - 96 = 4*n, c + 105 = -5*n - c. Let d = n - l. What is the tens digit of d?
1
What is the thousands digit of 1372 - (-11 + 17 - (4 + 2))?
1
Let v = -2 - -23. Let w = -11 + v. What is the units digit of 216/30 + (-2)/w?
7
Suppose 4414*j + 2302 = 4415*j. What is the hundreds digit of j?
3
Suppose -67*l = -66*l - 423. What is the units digit of l?
3
Suppose 5*f + 31 = 286. Suppose 56*u - f*u = 330. What is the tens digit of u?
6
Suppose 2168 = 59*r - 57*r. What is the units digit of r?
4
Let k(p) = -3*p + 2. Let j be k(2). Let g be -4*-2*j/(-8). Suppose -2*x + 10 + g = 0. What is the units digit of x?
7
Let u be (0 + 40/(-12))*(-30)/4. Suppose 5*o - u = 0, s = -s + 3*o + 51. What is the units digit of s?
3
Let n(p) = -2*p**3 - 3*p**2 - 3*p + 0*p**3 + 2 + 7*p. Let q(k) = -k**3 + 4*k**2 - 5*k + 3. Let i be q(3). What is the tens digit of n(i)?
1
Let q be 8*1 + 2 + -6. What is the tens digit of q + 98 - (0 - 4)?
0
Let o(r) = -r**2 - 5*r + 4. Let y be o(-5). Suppose -y*n - 665 = -11*n. What is the units digit of n?
5
Let j be (-2 - (12 + -1))*(-1 + 3). Let a = -22 - j. What is the units digit of a?
4
Suppose 49 = 5*k + 4. What is the tens digit of 4 + 26/2*k?
2
Let a(j) = -2*j**3 + 3*j**2. Suppose -2*t + 4*t = -6. What is the units digit of a(t)?
1
Suppose 25 = -6*o + 367. Let a be o/15 + (-2)/(-10). Suppose a*x + 51 - 151 = 0. What is the units digit of x?
5
Let l = 364 - -313. What is the tens digit of l?
7
Suppose 2*c = -2*x + 5714, -5*c = -93*x + 89*x - 14285. What is the tens digit of c?
5
Let i(u) = -u - 1. Let l be i(-4). Let o = l + -13. Let h = o - -22. What is the tens digit of h?
1
Suppose 5*r - 584 - 1396 = 0. What is the tens digit of r?
9
Let h = 38 + -20. Suppose 2*m - h = -2*r - 2*r, 5*r = -m + 3. What is the units digit of m?
3
Let v(g) = 34*g - 2. Let i be v(-1). Let u = i - -36. Suppose -3*p - 2 = -14, u = 2*x - 3*p + 6. What is the units digit of x?
3
Suppose z = -4*z + 25. Suppose 191 + 22 = z*b + 2*r, -r = 3*b - 127. What is the tens digit of b?
4
Suppose 0 = 3*c + 164 - 740. What is the tens digit of c?
9
Suppose -24 = -74*n + 71*n. 